emainder when 29 is divided by v?
7
Let q = 11 - -6. Calculate the remainder when (-4 - (-535)/10) + (-2)/(-4) is divided by q.
16
Let j = 1 + 1. Suppose 21 = -j*y + 5*y. Let k(t) = t**2 - 7*t + 2. What is the remainder when k(y) is divided by 2?
0
Let y be (-2)/(-7) + (-5)/(-7). Let o be y/(2 - 22/10). What is the remainder when (-17)/o + (-2)/5 is divided by 2?
1
What is the remainder when (10 + -2)/(-4) + 85 is divided by 17?
15
Let c(j) = -6*j - 6. Let l(k) = -k. Let f(u) = c(u) - 8*l(u). Let a = -5 - -9. Calculate the remainder when a is divided by f(4).
0
Suppose 0 = 3*j, -3*d + 48 = -0*d - 5*j. Let a = 10 - d. Let h = 14 + a. What is the remainder when 23 is divided by h?
7
Suppose 3*j - 55 = -2*j. Calculate the remainder when j is divided by 4.
3
Suppose -3*y - 3 = -3*p, 18 = p - 5*y - 3. Let f = p - -6. What is the remainder when 4 is divided by f?
0
Let q(j) = -j**3 - 7*j**2 - 2*j - 6. Calculate the remainder when q(-7) is divided by 3.
2
Let b(u) = -u**3 + 5*u**2 - 5*u - 9. Let k(d) = 3*d**3 - 10*d**2 + 10*d + 19. Let m(h) = 5*b(h) + 2*k(h). Calculate the remainder when 34 is divided by m(-5).
16
Let o(h) = h**3 - h**2 - 8*h - 4. Calculate the remainder when o(6) is divided by 26.
24
Let i = -16 + 31. Let c = 17 - i. Calculate the remainder when 4 is divided by c.
0
Let y(t) = -48*t**2 + 2*t + 1. Let k be y(-2). Let o = 138 + k. What is the remainder when (0 - 2)/(6/o) is divided by 10?
9
Let l(g) be the first derivative of 4*g**3/3 + g**2/2 - g - 1. Calculate the remainder when (31 - (2 - 2)) + 2 is divided by l(2).
16
Let y = 0 + 15. What is the remainder when 57 is divided by y?
12
Let i = 2 + 24. What is the remainder when 98 is divided by i?
20
Let v(x) = x**2 - x - 16. What is the remainder when 95 is divided by v(6)?
11
Suppose 7*a - 456 = -4*m + 3*a, 0 = -m + a + 122. Calculate the remainder when m is divided by 20.
18
Suppose 4*u - 4*d = 0, -2*u = d - 9 + 3. Let v(j) = j**3 + j - 1. What is the remainder when 26 is divided by v(u)?
8
What is the remainder when (-1)/(-1*4/(-296)*-2) is divided by 19?
18
What is the remainder when ((-4)/6)/(5/(-90)) is divided by 7?
5
Let x(i) = -8*i - 5. Calculate the remainder when 78 is divided by x(-4).
24
Let w be 0*(0/(-1) + 1). Let g(n) be the third derivative of n**5/60 + n**4/24 + 19*n**3/6 - 17*n**2. What is the remainder when 55 is divided by g(w)?
17
Let b(c) = -c**3 + 7*c**2 - 2*c + 4. What is the remainder when b(5) is divided by 15?
14
Suppose -9*g + 26 = -7*g. What is the remainder when 35 is divided by g?
9
Let w = -17 - -24. Suppose u - 14 = -w. What is the remainder when u is divided by 3?
1
Let v = 13 - -34. Suppose -x + v = -19. Calculate the remainder when x is divided by 17.
15
Let o = 5 + 14. What is the remainder when 73 is divided by o?
16
Suppose 0 = -3*y - 2*b - 2, 22 = y + 2*y - 4*b. What is the remainder when 9 is divided by y?
1
Let q(j) = -j**3 - 5*j**2 - 4*j + 4. Let k be q(-4). What is the remainder when (-1)/2 - (-92)/8 is divided by -1 + -2*(-14)/k?
5
Let q(c) = 2*c**3 + 9*c**2 + 3*c + 5. Let g = 13 + -9. Calculate the remainder when q(-4) is divided by g.
1
Suppose 5*k + 2*q = 14, -5*q + 7 = 4*k - 2*q. Suppose 0 = 2*b - 0 - 18. Calculate the remainder when b is divided by k.
1
Suppose 0 = 6*l - 3*l - 27. Calculate the remainder when 33 is divided by l.
6
Suppose 17 = 3*s - 2*s. Let j = -1 + -4. Let o = 1 - j. Calculate the remainder when s is divided by o.
5
Suppose 3*k = -p - 0*k + 16, 3*p + 5*k = 32. Suppose 3*v = 9, p*v + 0*v = 4*d - 36. Calculate the remainder when 45 is divided by d.
9
Let s = -42 + 60. Calculate the remainder when 34 is divided by s.
16
Suppose -2*j - 5*d + 199 = 0, -4*j - 5*d + 404 = -d. What is the remainder when j is divided by 15?
12
Let x = 39 + 0. Let v(i) = -i**2 - 3*i - 6. Let p(g) = 3*g**2 + 5*g + 11. Let o(r) = 4*p(r) + 7*v(r). What is the remainder when x is divided by o(2)?
19
Suppose k - 2*l - 34 = 25, 2*l - 153 = -3*k. What is the remainder when k is divided by (-37)/(-2) - (-1)/(-2)?
17
Suppose -3*b + 7 = -4*b. Let w(p) = p**3 + 7*p**2 - 4. Let o be w(b). Let n(g) = g**3 + 7*g**2 + 3*g - 5. Calculate the remainder when n(o) is divided by 16.
15
Let s be 3 - (1 + -2 - -2). Suppose s*i + 0*i + 4 = -j, 4*j = 5*i + 49. Suppose -j*w + w + 60 = 0. What is the remainder when 35 is divided by w?
11
Let r be 160/(-6) + 6/9. Let c = r - -38. What is the remainder when (-1250)/(-10)*4/10 + -3 is divided by c?
11
Suppose -5*n + 1 + 9 = 0. Let s(t) = 4 - t**3 + 5 + 0*t**2 + 7*t**n. What is the remainder when 16 is divided by s(7)?
7
Let f(x) = -x**2 + 7*x + 2. Let q be (0 - (0 - 1))*57. Suppose 4*a = 2 + 2, 3*a = 4*v - q. Calculate the remainder when v is divided by f(6).
7
Let v be (-12)/(-5)*20/(-2). Let r(b) = b**2 - 2*b - 1. Let h be r(3). Calculate the remainder when v/(-9)*6/h is divided by 3.
2
Suppose w - 4*p = 24, -3 = 4*w + 5*p + 6. Let o be (-106)/3 + (-4)/6. Let b = -25 - o. Calculate the remainder when b is divided by w.
3
Let s = 48 - 14. Suppose 2*u = s + 2. Calculate the remainder when u is divided by (-6)/14 + 365/35.
8
Suppose 6*k - 10 - 26 = 0. What is the remainder when 38 is divided by k?
2
Suppose -3 = 5*c - 18. Calculate the remainder when 3 is divided by c.
0
Let u(b) = b + 80. Calculate the remainder when u(0) is divided by 22.
14
Let t(l) = l**3 - 11*l**2 - 3*l + 5. Let f(b) = 6*b**2 + 2*b - 3. Let q(w) = 5*f(w) + 3*t(w). What is the remainder when q(2) is divided by 5?
4
Let l(u) = -u**3 + 2*u**2 + 5*u - 2. Let y = -2 + 5. Suppose -4*i = -y*f - 25 - 27, -f + 46 = 5*i. Calculate the remainder when i is divided by l(3).
2
Let t = -15 + 18. Suppose 83 = 5*b + t*o + 14, -2*o + 30 = 2*b. Calculate the remainder when 43 is divided by b.
7
Let i(h) = h**3 + 5*h**2 - 4*h - 7. What is the remainder when i(-5) is divided by 7?
6
Let h(j) = 5*j - 7. Calculate the remainder when 49 is divided by h(4).
10
Suppose 5*j = 15, 0*u - 5*u = -j - 67. What is the remainder when 82 is divided by u?
12
Suppose 3 = 4*g - 29. Calculate the remainder when 13 is divided by g.
5
Suppose 17 = 2*o + 3*j, -o - 21 = -3*o + j. What is the remainder when (18 - -1)*(-1 + 2) is divided by o?
9
Let c(s) = -s**3 - 10*s**2 + 6*s - 10. Let n = -25 + 41. What is the remainder when c(-11) is divided by n?
13
Let g be (-171)/(-7) + (-3)/7. Suppose -5*y + 41 = 2*i, -4*y + g = 3*i - 27. Let p(w) = 14*w - 4. Calculate the remainder when p(3) is divided by i.
12
Calculate the remainder when 9/5*-10*9/(-2) is divided by 14.
11
Let i(n) = n**2 + 5*n + 4. Let x be i(-4). Calculate the remainder when 45 is divided by 2 - (-8 + x + -2).
9
Let m(q) = -5*q + 2. Let o be m(4). Let z = -13 - o. What is the remainder when z is divided by 4?
1
Suppose h = 28 + 12. Calculate the remainder when (62/(-5))/((-8)/h) is divided by 16.
14
Suppose -11*g + 191 = 59. What is the remainder when 44 is divided by g?
8
Suppose 3*g + 2 = -5*m + 1, 0 = -2*g - 3*m. Let a(u) = 11 - u**2 + u**g + 17 + 4. Calculate the remainder when a(0) is divided by 11.
10
Let m = 8 - 3. Suppose m*u - 54 = 111. What is the remainder when u is divided by 17?
16
Suppose 2*b + 16 = 6*b. Suppose b*w - 31 - 13 = 0. Calculate the remainder when 43 is divided by w.
10
Suppose 0 = -36*y + 35*y + 44. Calculate the remainder when y is divided by 15.
14
Let a be 2/(-2 - -1) + 4. Suppose 5*r = -3*p + a*r, -2*p - 9 = 5*r. Suppose -m = 3*h - 22, h - 3*h + 19 = 5*m. Calculate the remainder when h is divided by p.
1
Suppose 0 = -3*l + 9, p - 3*l - 8 = -2*l. Calculate the remainder when p is divided by ((-66)/12 + 7)/((-6)/(-28)).
4
Suppose 0 = -5*r + 18 + 22. Suppose -5*v + r*v = 60. Calculate the remainder when 37 is divided by v.
17
Suppose -3*j = 2*j - 85. What is the remainder when j is divided by 9?
8
Let a(i) = -7*i + 4. Let o be a(-5). Let d = o + -26. Calculate the remainder when 43 is divided by -1*(2 - d) - 0.
10
Suppose s - 4*s + 4*t = -94, -3*t - 64 = -2*s. Calculate the remainder when s is divided by 6.
2
Let g(t) = 3 + 3*t - 5 - t**2 + 4. Let l be g(3). Suppose 4*v = -5*z + 60, l*v + 74 = z + 3*z. Calculate the remainder when 31 is divided by z.
15
Suppose 3*n + n - 8 = 0. Let h(z) = 12*z - 3. Let w(v) = 3*v**2 - 3*v. Calculate the remainder when h(n) is divided by w(2).
3
Let a = 33 + 0. Sup